nder when 7*(-3)/h + 2 is divided by 6?
3
What is the remainder when (-1)/(-2 - (-105)/53) is divided by 6?
5
Suppose 3*r - 298 + 76 = 0. Let h = r + -40. What is the remainder when h is divided by 9?
7
Suppose 25 = -2*o + 135. Suppose 5*v + 14 = 109. What is the remainder when o is divided by v?
17
What is the remainder when 71 is divided by (-41)/(-82) - (70/(-4) - 1)?
14
Suppose 15 = -5*i + 75. Suppose p = -5*o + 18, -3*o + 8*p - 3 = 4*p. Suppose o*f - 28 = -f. Calculate the remainder when i is divided by f.
5
Suppose 21*g = 22*g - 191. What is the remainder when g is divided by 48?
47
Let a(j) = -24*j + 3. What is the remainder when a(-3) is divided by 19*3*1/3?
18
Suppose 3*l = s - 2, -3*s + 10*l + 18 = 5*l. What is the remainder when 65 is divided by s?
10
Suppose -15 = 5*u, -2*r + 5*u + 328 = 13. Suppose 4*l + 2*t - r = -0*t, 3*l - t = 100. What is the remainder when l is divided by 10?
5
Let f be 147/28 - 1/4. Suppose 5*a + s - 33 = 0, 2*a - f = s + 11. What is the remainder when 27 is divided by a?
6
Let o(p) = -p**2 - 7*p. Let g be o(-7). Let f = g + 2. What is the remainder when 10 is divided by f/(6/15) - -1?
4
Let k(z) = z**3 - 24*z**2 + 24*z + 9. Calculate the remainder when 61 is divided by k(23).
29
Let s(j) = j**2 + j + 1. Let f be s(-2). Calculate the remainder when ((-385)/(-21))/(1/f) is divided by 19.
17
Suppose 14*a + 120 = 18*a. Calculate the remainder when 177 is divided by a.
27
Let h = -18 + 22. Let y be (1 - (1 + -1)) + 1. Let f(j) = -j**3 + 4*j**2 - 2*j - 2. Calculate the remainder when h is divided by f(y).
0
Let j be ((-6)/9)/(3/(-36)). Suppose 0 = -4*t + j*t - 84. Calculate the remainder when t is divided by 12.
9
Let n(v) = -v**3 - 4*v**2 + 4*v - 7. Let o be n(-6). Let a = 48 + o. Let f = a - 54. What is the remainder when f is divided by 12?
11
Suppose -l + 4*n + 1 + 2 = 0, l - 5*n - 3 = 0. Suppose 10 = -u + l*u. What is the remainder when 19 is divided by u?
4
Let h = -47 - -78. Calculate the remainder when 123 is divided by h.
30
Suppose 3*q + q - 2*o = 80, -3*o + 48 = 2*q. Let t be 1/(1*2/(-26)). Let j = -2 - t. Calculate the remainder when q is divided by j.
10
Suppose 20*u = 18*u + 56. What is the remainder when (106*(1 - 2))/(-2) is divided by u?
25
Suppose -2*b + 0*b = -20. Suppose -g + 8 = -b. Calculate the remainder when (-2)/(-8) - (-278)/8 is divided by g.
17
Let s(m) = m + 1. Let b be s(0). Suppose y + 2*p - 22 = 0, -p + b + 4 = 0. Suppose -12*z + 3*z = -306. Calculate the remainder when z is divided by y.
10
Suppose 4*o - 130 + 30 = 0. Calculate the remainder when 48 is divided by o.
23
Let u(n) = n**2 + 3*n + 10. What is the remainder when 47 is divided by u(0)?
7
Let u(x) = -x**3 - 2*x**2 + x + 8. Calculate the remainder when 15 is divided by u(0).
7
Let n(c) = -c**2 - 8*c + 2. Suppose 3*v - 1 = 2*q - 0*v, -5*q = -v - 30. Let z = q - 11. What is the remainder when 34 is divided by n(z)?
16
Suppose 7*s - 2*s = 125. Let v = 59 - s. Calculate the remainder when v is divided by 9.
7
Let c = -79 + 193. Suppose 5*b + 14 = c. Calculate the remainder when b is divided by 7.
6
Suppose -4*o + j = -20, 6*o = 2*o - j + 28. Calculate the remainder when 29 is divided by o.
5
Let i(k) = -k**3 + 5*k**2 - 4*k + 2. Let n = -2 + 6. Let a be i(n). Suppose -3*j = 2*r - a*j - 3, 3*j = 2*r - 7. What is the remainder when r is divided by 1?
0
Suppose 0 = 4*i + 3*q - 0*q - 28, -5*q = -i - 16. Suppose 0 = -i*l + 2*l + 22. Let d(b) = -b**2 + 11*b + 13. Calculate the remainder when d(9) is divided by l.
9
Let f = -8 - -22. Suppose 0 = 9*q + 6 - 33. Suppose -r = -4*y - 38, -5*y = -q*r + 2*r + 34. Calculate the remainder when r is divided by f.
12
Suppose -3 - 58 = f. Let i = -42 - f. What is the remainder when 55 is divided by i?
17
Calculate the remainder when 114 is divided by (-3)/(-15) - 288/(-10).
27
Suppose 3*u = 25 + 32. What is the remainder when u is divided by 4 + (12/8)/((-6)/(-4))?
4
Calculate the remainder when 43 is divided by (-38)/171 + (-137)/(-9).
13
Let m(h) = -2*h + 31. What is the remainder when (-3)/(-2)*110/15 is divided by m(14)?
2
Calculate the remainder when (-4)/(-42)*603 + (-12)/(-21) is divided by 20.
18
Let k(v) = 6*v + 2. Let c = -12 + 17. Suppose 2*f + 5*j - 29 = 0, c*j + 2 + 3 = 0. What is the remainder when k(5) is divided by f?
15
Let y be -2*(3 + 0)/(-3). Calculate the remainder when 10 is divided by y/4 + (-22)/(-4).
4
What is the remainder when 78 is divided by (40/(-14))/((-9)/63)?
18
Let x = 24 + -10. Let g = 406 + -367. Calculate the remainder when g is divided by x.
11
Suppose 4*o = -6*o + 1140. Calculate the remainder when o is divided by 58.
56
Suppose 15 = 7*b - 2*b. Suppose -5*o + 190 = 2*n + 3*n, -n + 106 = b*o. Let g(p) = -p**2 - 11*p - 10. Calculate the remainder when o is divided by g(-7).
16
Let a = -9 + 27. Suppose -5*r - 18 = 3*n, -r + 0*r = 2*n - 2. What is the remainder when 59 is divided by 6/a + (-88)/r?
14
Suppose 4*d + 5*t = 8*d - 68, -3*d + 2*t = -51. Calculate the remainder when 50 is divided by d.
16
Let y = 43 - 24. Let r(u) = 9*u**3 + 2*u**2 - 1. What is the remainder when y is divided by r(1)?
9
Let y = 32 + -16. What is the remainder when ((-1598)/(-17))/(2*1) is divided by y?
15
Let p(o) = 6*o**3 - 3*o + 2. Let h be ((-6)/(-5))/((-3)/10). Calculate the remainder when (-3)/(-6) - 46/h is divided by p(1).
2
Let k be (132/16)/(2/32). Let q = k + -68. Suppose -c + q = c. What is the remainder when c is divided by 17?
15
Suppose -d = 5*h - 6, -4*h - 60 = -5*d + h. What is the remainder when 1 - -1*(0 - -19) is divided by d?
9
Let y(s) = s**2 - 10*s - 5. Let x be (-2)/(-4) + (-69)/(-6). What is the remainder when 36 is divided by y(x)?
17
Let o(h) = -2 + 3 + 0*h - h + 4. Calculate the remainder when o(-7) is divided by 5.
2
Suppose -u = -2*u + 2. Calculate the remainder when (3/6)/(3/240) is divided by (7/(-2))/(u/(-8)).
12
Suppose -2*i - 47 = -3*z, -2*i + 17 = z + 4. What is the remainder when z is divided by 4?
3
Suppose 6*n = 3*n + 306. Suppose -n = -5*f + 48. What is the remainder when f is divided by 16?
14
Let w = -2 - -17. What is the remainder when w is divided by 9?
6
Let f(n) = 3*n. Calculate the remainder when (1 + 11)/(4/14) is divided by f(5).
12
Suppose -2*b + 16 = -4*b - z, 13 = -b - 3*z. Let q = b + 6. Let o = 3 + q. What is the remainder when 5 is divided by o?
1
Let z be 3/(30/28)*95. Let f = z - 176. What is the remainder when f is divided by 31?
28
Let f(u) = u**2 + 3*u - 6. What is the remainder when f(5) is divided by 12?
10
Let h(w) = 2*w**2 + w. Suppose -5*b - c = -0*c - 132, 0 = 3*b + 3*c - 72. What is the remainder when b is divided by h(-3)?
12
Let w(s) = -s**3 - 4*s**2 + 6*s + 6. Let y be w(-6). Suppose z - y = -z. What is the remainder when 60 is divided by z?
18
Let v = 71 - 34. Calculate the remainder when v is divided by 10.
7
Suppose -4 = -10*x + 26. What is the remainder when (-134)/(-10) + (-2)/5 is divided by x?
1
Let a = 5 - -1. Calculate the remainder when a is divided by 4.
2
Let c = 2 - 0. Let h be -2 + c + 0 - -2. Suppose h*q = 2*z - 56, -3*q = -5*z - q + 149. What is the remainder when z is divided by 16?
15
Calculate the remainder when 4 - (-10 - (-8)/(-2)) is divided by 10.
8
Suppose 9*w = 7*w. Suppose 4*u = -w*u + 276. What is the remainder when u is divided by 24?
21
What is the remainder when (-682)/(-12) + (-8)/(-48) is divided by (15/4)/((-4)/(-16))?
12
Let b(k) = k**3 - 24*k**2 + 25*k - 8. Calculate the remainder when 111 is divided by b(23).
35
Let l(g) = g**2 + 14*g + 19. What is the remainder when l(-15) is divided by 5?
4
Suppose 2*a + r = 3, 3*r = -a - 0 - 1. Suppose 2*m + a*m - 40 = 0. Calculate the remainder when 19 is divided by m.
9
Suppose 0 = 4*m + n - 109, -10 = 2*n - 4*n. What is the remainder when m is divided by 5?
1
Let j be (1 + 0)*1 + 12. Let p be (-4)/6*(1 - j). Let b = -5 + p. Calculate the remainder when 5 is divided by b.
2
Let c = 103 - 92. Suppose t + 2*f - 9 - 4 = 0, 98 = 5*t - f. Calculate the remainder when t is divided by c.
8
What is the remainder when 13*(1/3)/(-1)*-3 is divided by 8?
5
Let b = -18 - -35. What is the remainder when b is divided by 6?
5
Let u(v) = -v**3 + 10*v**2 + v - 1. Let i be u(10). Suppose 3*z = 4*z - i. What is the remainder when 26 is divided by z?
8
What is